{"id":111,"date":"2014-07-29T12:39:59","date_gmt":"2014-07-29T10:39:59","guid":{"rendered":"http:\/\/vsyspertal.ac.at\/?page_id=111"},"modified":"2026-04-13T12:41:49","modified_gmt":"2026-04-13T10:41:49","slug":"termine","status":"publish","type":"page","link":"https:\/\/vsyspertal.ac.at\/?page_id=111","title":{"rendered":"Termine"},"content":{"rendered":"\n<p><strong>01.09.2025: <\/strong>Schulbeginn des Schuljahres 2025\/26 &#8211; 7.40 Uhr<\/p>\n\n\n\n<p><strong>03.09.2025: <\/strong>Untersuchung &#8211; Schwimmtauglichkeit &#8211; 3. Klasse<\/p>\n\n\n\n<p><strong>03.09.2025<\/strong>: \u00dcbergabe der SUMSI &#8211; Rucks\u00e4cke &#8211; 1. Klasse &#8211; 10.30 Uhr<\/p>\n\n\n\n<p><strong>04.09.2025:<\/strong> Er\u00f6ffnungsgottesdienst: Pfarrkirche Pisching 8:00 Uhr<\/p>\n\n\n\n<p><strong>11.09.2025: <\/strong>Projekt Apollonia &#8211; 4 Klassen &#8211; ab 7.40 Uhr<\/p>\n\n\n\n<p><strong>12.09.2025:<\/strong> Projekt Apollonia &#8211; 2 Klassen &#8211; ab 7.40 Uhr<\/p>\n\n\n\n<p><strong>16.09.2025: <\/strong>Fotografin Marianne Wurzer &#8211; 7.40 &#8211; 12.20 Uhr<\/p>\n\n\n\n<p><strong>16.09.2025:<\/strong> Elternvortrag: Sprache, Baustelle und Co &#8211; 16.30 Uhr<\/p>\n\n\n\n<p><strong>17.09.2025: <\/strong>Schwimmuntersuchung &#8211; 3. Klasse ab 8.00 Uhr<\/p>\n\n\n\n<p><strong>18.09.2025:<\/strong> Waldtag &#8211; 1. Klasse &#8211; 8.00 &#8211; 11.00 Uhr<\/p>\n\n\n\n<p><strong>22.09.2025:<\/strong> Kinder gesund bewegen mit Daniela Jagsch &#8211; alle Klassen<\/p>\n\n\n\n<p><strong>24.09.2025: <\/strong>Ausflug zum Lunzer See &#8211; 4a + 4b Klasse &#8211; 7.40 &#8211; 12.20 Uhr<\/p>\n\n\n\n<p><strong>29.09.2025:<\/strong> Waldviertler Kammerb\u00fchne: Der Zauberer von OZ &#8211; 1. Kl., 2a+2b, 3. Kl.<\/p>\n\n\n\n<p><strong>01.10.2025:<\/strong> Schulforum &#8211; 19.00 Uhr<\/p>\n\n\n\n<p><strong>13.10.-15.10.2025:<\/strong> Englischprojekttage f\u00fcr die 3. Klasse, 4a + 4b Klasse<\/p>\n\n\n\n<p><strong>21.10.2025:<\/strong> Radfahrpr\u00fcfung \u2013 schriftlich und praktisch<\/p>\n\n\n\n<p><strong>22.10.2025:<\/strong> Projekt &#8222;Radeln macht Schule&#8220; &#8211; 2a, 2b und 3. Klasse<\/p>\n\n\n\n<p><strong>23.10.2025:<\/strong> Lesepatenschaft der 3. Klasse im KIGA Yspertal<\/p>\n\n\n\n<p><strong>27.10.-31.10.2025:<\/strong> Herbstferien<\/p>\n\n\n\n<p><strong>5.11.2025: <\/strong>Kinder gesund bewegen &#8211; alle Klassen<\/p>\n\n\n\n<p><strong>6.11.2025: <\/strong>Projekt zur Nahtstelle &#8211; VS &#8211; Mittelschule: Englisch &#8211; 3. Klasse<\/p>\n\n\n\n<p><strong>13.11.2025: <\/strong>Projekt zur Nahtstelle &#8211; VS &#8211; Mittelschule: Sport &#8211; 4. Klasse<\/p>\n\n\n\n<p><strong>13.11.2025:<\/strong> Projekt zur Nahtstelle &#8211; VS &#8211; Mittelschule: Englisch &#8211; 4. Klasse<\/p>\n\n\n\n<p><strong>17.11.2025: <\/strong>Kinder gesund bewegen &#8211; alle Klassen<\/p>\n\n\n\n<p><strong>24.und 25.11.2025: <\/strong>Elternsprechtage in der VS + Buchausstellung der Fa. Fichtinger<\/p>\n\n\n\n<p><strong>27.11.2025: <\/strong>Besuch im Pflegeheim &#8211; 3. Klasse<\/p>\n\n\n\n<p><strong>22.12.2025: <\/strong>Kinder gesund bewegen &#8211; alle Klassen<\/p>\n\n\n\n<p><strong>23.12.2025: <\/strong>Sch\u00fclervollversammlung + Weihnachtsfeier &#8211; alle Klassen<\/p>\n\n\n\n<p><strong>24.12.2025 bis 6.1.2026:<\/strong> Weihnachtsferien<\/p>\n\n\n\n<p><strong>7.1.2026: <\/strong>iPad-Workshop &#8211; 4a+4b Klasse &#8211; jeweils zweist\u00fcndig<\/p>\n\n\n\n<p><strong>12.1.2026: <\/strong>iPad-Workshop &#8211; 3. Klasse &#8211; Dauer 2 Einheiten<\/p>\n\n\n\n<p><strong>15.1.2026:<\/strong> Waldtag &#8211; 1. Klasse<\/p>\n\n\n\n<p><strong>20.1.2026:<\/strong> Bewegte Klasse &#8211; 2a + 2b Klasse<\/p>\n\n\n\n<p><strong>21.1.2026:<\/strong> Sch\u00fclereinschreibung &#8211; ab 14.00 Uhr<\/p>\n\n\n\n<p><strong>22.1.2026:<\/strong> Skitag am Jauerling &#8211; 3. Klasse<\/p>\n\n\n\n<p><strong>26.1.2026:<\/strong> Kinder gesund bewegen &#8211; alle Klassen<\/p>\n\n\n\n<p><strong>29.1.2026: <\/strong>Skitag am Annaberg &#8211; 4. Klassen<\/p>\n\n\n\n<p><strong>30.1.2026: <\/strong>Verteilung der Schulnachricht<\/p>\n\n\n\n<p><strong>2.2.-8.2.2026:<\/strong> Semesterferien<\/p>\n\n\n\n<p><strong>12.2.2026<\/strong>: Alt trifft Jung &#8211; Besuch der 3. Klasse im Pflegeheim Altenmarkt<\/p>\n\n\n\n<p><strong>13.2.2026:<\/strong> Eislauftag  in der Eishalle Amstetten &#8211; alle Klassen<\/p>\n\n\n\n<p><strong>17.2.2026: <\/strong>Faschingsdienstag mit Stationbetrieb und &#8222;Kinovorstellung&#8220;<\/p>\n\n\n\n<p><strong>2.3.2026:<\/strong> Kinder gesund bewegen &#8211; alle Klassen<\/p>\n\n\n\n<p><strong>2.-6.3.2026:<\/strong> Leseweltbuchausstellung<\/p>\n\n\n\n<p><strong>11.3.2026: <\/strong>Besuch unseres Patenzahnarztes Dr. Homayuni &#8211; Projekt Apollonia<\/p>\n\n\n\n<p><strong>12.und13.3.2026:<\/strong> Projekt Apollonia &#8211; 2. Teil &#8211; alle Klassen<\/p>\n\n\n\n<p><strong>18.3.2026:<\/strong> Erste-Hilfe-Kurs: Reanimation &#8211; 3. Klasse<\/p>\n\n\n\n<p><strong>19.3.2026: <\/strong>Spielestunde der 4. Klassen mit Bewohnern des Pflegeheims<\/p>\n\n\n\n<p><strong>23.3.2026:<\/strong> Waldtag 1. Klasse<\/p>\n\n\n\n<p><strong>30.3.-6.4.2026: <\/strong>Osterferien<\/p>\n\n\n\n<p><strong>9.4.2026: <\/strong>Eltern-Kind-Turnen &#8211; Bewegte Klasse &#8211; 2a+2b<\/p>\n\n\n\n<p><strong>9.4.2026: <\/strong>Lesenacht der 3. Klasse &#8211; ca. 18.00 Uhr<\/p>\n\n\n\n<p><strong>10.4.2026:<\/strong> Autorenlesung mit Susa H\u00e4mmerle &#8211; Grundstufe 1 und 2<\/p>\n\n\n\n<p><strong>16.4.2026:<\/strong> Teilnahme an der Ybbsiade &#8211; alle Klassen<\/p>\n\n\n\n<p><strong>20.4.2026:<\/strong> Bewegte Klasse &#8211; 2a+2b<\/p>\n\n\n\n<p><strong>23.4.2026: <\/strong>Teilnahme an Sumsi-Cup in Kilb &#8211; M\u00e4dchen und Burschen<\/p>\n\n\n\n<p><strong>24.4.2026:<\/strong> Workshop: Safer Internet mit Herrn Polizist M\u00fchlberger &#8211; 4a+4b<\/p>\n\n\n\n<p><strong>28.4.2026: <\/strong>Umwelttheater: AnTONNia &#8211; 3. Klasse &#8211; Beginn 10.00 Uhr<\/p>\n\n\n\n<p><\/p>\n\n\n\n<p><\/p>\n\n\n\n<p><\/p>\n\n\n\n<p><\/p>\n\n\n\n<p><\/p>\n\n\n\n<p><\/p>\n\n\n\n<p><\/p>\n\n\n\n<p><\/p>\n\n\n\n<p><\/p>\n\n\n\n<p><\/p>\n\n\n\n<p><\/p>\n\n\n\n<p><\/p>\n","protected":false},"excerpt":{"rendered":"<p>01.09.2025: Schulbeginn des Schuljahres 2025\/26 &#8211; 7.40 Uhr 03.09.2025: Untersuchung &#8211; Schwimmtauglichkeit &#8211; 3. Klasse 03.09.2025: \u00dcbergabe der SUMSI &#8211; Rucks\u00e4cke &#8211; 1. Klasse &#8211; 10.30 Uhr 04.09.2025: Er\u00f6ffnungsgottesdienst: Pfarrkirche Pisching 8:00 Uhr 11.09.2025: Projekt Apollonia &#8211; 4 Klassen &#8211; ab 7.40 Uhr 12.09.2025: Projekt Apollonia &#8211; 2 Klassen &#8211; ab 7.40 Uhr 16.09.2025: Fotografin &hellip; <a href=\"https:\/\/vsyspertal.ac.at\/?page_id=111\" class=\"more-link\"><span class=\"screen-reader-text\">Termine<\/span> weiterlesen <span class=\"meta-nav\">&rarr;<\/span><\/a><\/p>\n","protected":false},"author":1,"featured_media":0,"parent":160,"menu_order":1,"comment_status":"closed","ping_status":"closed","template":"","meta":{"ngg_post_thumbnail":0,"footnotes":""},"class_list":["post-111","page","type-page","status-publish","hentry"],"_links":{"self":[{"href":"https:\/\/vsyspertal.ac.at\/index.php?rest_route=\/wp\/v2\/pages\/111","targetHints":{"allow":["GET"]}}],"collection":[{"href":"https:\/\/vsyspertal.ac.at\/index.php?rest_route=\/wp\/v2\/pages"}],"about":[{"href":"https:\/\/vsyspertal.ac.at\/index.php?rest_route=\/wp\/v2\/types\/page"}],"author":[{"embeddable":true,"href":"https:\/\/vsyspertal.ac.at\/index.php?rest_route=\/wp\/v2\/users\/1"}],"replies":[{"embeddable":true,"href":"https:\/\/vsyspertal.ac.at\/index.php?rest_route=%2Fwp%2Fv2%2Fcomments&post=111"}],"version-history":[{"count":237,"href":"https:\/\/vsyspertal.ac.at\/index.php?rest_route=\/wp\/v2\/pages\/111\/revisions"}],"predecessor-version":[{"id":24093,"href":"https:\/\/vsyspertal.ac.at\/index.php?rest_route=\/wp\/v2\/pages\/111\/revisions\/24093"}],"up":[{"embeddable":true,"href":"https:\/\/vsyspertal.ac.at\/index.php?rest_route=\/wp\/v2\/pages\/160"}],"wp:attachment":[{"href":"https:\/\/vsyspertal.ac.at\/index.php?rest_route=%2Fwp%2Fv2%2Fmedia&parent=111"}],"curies":[{"name":"wp","href":"https:\/\/api.w.org\/{rel}","templated":true}]}}