{"id":13188,"date":"2018-03-03T17:27:09","date_gmt":"2018-03-03T15:27:09","guid":{"rendered":"http:\/\/vsyspertal.ac.at\/?page_id=13188"},"modified":"2025-11-30T21:20:53","modified_gmt":"2025-11-30T19:20:53","slug":"nachmittagsbetreuung","status":"publish","type":"page","link":"https:\/\/vsyspertal.ac.at\/?page_id=13188","title":{"rendered":"Nachmittagsbetreuung"},"content":{"rendered":"<p>Um den Ver\u00e4nderungen in der Arbeitswelt und in den Lebenssituationen der Familien gerecht zu werden, wurde die Nachmittagsbetreuung geschaffen. Die Marktgemeinde Yspertal bietet seit vielen Jahren <strong>an der VS Yspertal eine Nachmittagsbetreuung<\/strong> an.<\/p>\n<p>Die Betreuungstage k\u00f6nnen zwischen 1 Tag und 5 Tagen in Anspruch genommen werden. Ihr Kind k\u00f6nnte also von Montag bis Freitag bis 17 Uhr in der Schule betreut werden. Die Beaufsichtigung besteht aus einer gegenstandbezogenen bzw. individuellen Lernzeit (Betreuung durch eine Lehrkraft) und aus der Freizeit (Betreuung derzeit durch Frau Christine Schauer und Frau Silvia Kreindl).<\/p>\n<p><strong>Die Kosten f\u00fcr die Nachmittagsbetreuung betragen f\u00fcr die Eltern im Monat:<\/strong><\/p>\n<p>1 Tag: 30 \u20ac, 2 Tage: 60 \u20ac, 3 Tage: 80\u20ac, 4 Tage: 100\u20ac, 5 Tage: 110\u20ac<\/p>\n<p>Die Kosten f\u00fcr das Mittagessen werden gesondert verrechnet und betragen ab dem Schuljahr 2025\/26&nbsp; <strong>5&nbsp;\u20ac pro Mahlzeit<\/strong>. Das Mittagessen muss monatlich ausgew\u00e4hlt werden.<\/p>\n<p>Eine endg\u00fcltige Anmeldung gilt f\u00fcr <strong>1<\/strong> Schuljahr, die Tage k\u00f6nnen monatlich aber individuell gew\u00e4hlt werden.<\/p>\n<p>F\u00fcr weitere Ausk\u00fcnfte stehen wir Ihnen gerne auch telefonisch zur Verf\u00fcgung.<\/p>\n<p>&nbsp;<\/p>\n","protected":false},"excerpt":{"rendered":"<p>Um den Ver\u00e4nderungen in der Arbeitswelt und in den Lebenssituationen der Familien gerecht zu werden, wurde die Nachmittagsbetreuung geschaffen. Die Marktgemeinde Yspertal bietet seit vielen Jahren an der VS Yspertal eine Nachmittagsbetreuung an. Die Betreuungstage k\u00f6nnen zwischen 1 Tag und 5 Tagen in Anspruch genommen werden. Ihr Kind k\u00f6nnte also von Montag bis Freitag bis &hellip; <a href=\"https:\/\/vsyspertal.ac.at\/?page_id=13188\" class=\"more-link\"><span class=\"screen-reader-text\">Nachmittagsbetreuung<\/span> weiterlesen <span class=\"meta-nav\">&rarr;<\/span><\/a><\/p>\n","protected":false},"author":1,"featured_media":0,"parent":0,"menu_order":9,"comment_status":"closed","ping_status":"closed","template":"","meta":{"ngg_post_thumbnail":0,"footnotes":""},"class_list":["post-13188","page","type-page","status-publish","hentry"],"_links":{"self":[{"href":"https:\/\/vsyspertal.ac.at\/index.php?rest_route=\/wp\/v2\/pages\/13188","targetHints":{"allow":["GET"]}}],"collection":[{"href":"https:\/\/vsyspertal.ac.at\/index.php?rest_route=\/wp\/v2\/pages"}],"about":[{"href":"https:\/\/vsyspertal.ac.at\/index.php?rest_route=\/wp\/v2\/types\/page"}],"author":[{"embeddable":true,"href":"https:\/\/vsyspertal.ac.at\/index.php?rest_route=\/wp\/v2\/users\/1"}],"replies":[{"embeddable":true,"href":"https:\/\/vsyspertal.ac.at\/index.php?rest_route=%2Fwp%2Fv2%2Fcomments&post=13188"}],"version-history":[{"count":17,"href":"https:\/\/vsyspertal.ac.at\/index.php?rest_route=\/wp\/v2\/pages\/13188\/revisions"}],"predecessor-version":[{"id":23768,"href":"https:\/\/vsyspertal.ac.at\/index.php?rest_route=\/wp\/v2\/pages\/13188\/revisions\/23768"}],"wp:attachment":[{"href":"https:\/\/vsyspertal.ac.at\/index.php?rest_route=%2Fwp%2Fv2%2Fmedia&parent=13188"}],"curies":[{"name":"wp","href":"https:\/\/api.w.org\/{rel}","templated":true}]}}