{"id":4,"date":"2014-07-29T10:11:28","date_gmt":"2014-07-29T08:11:28","guid":{"rendered":"http:\/\/vsyspertal.ac.at\/?page_id=4"},"modified":"2025-10-17T10:54:14","modified_gmt":"2025-10-17T08:54:14","slug":"schulteam","status":"publish","type":"page","link":"https:\/\/vsyspertal.ac.at\/?page_id=4","title":{"rendered":"Schulteam"},"content":{"rendered":"<p><span style=\"color: #333333;\">Unser Schulteam besteht aus den Lehrkr\u00e4ften, den&nbsp; Schulwartinnen, sowie den gew\u00e4hlten Elternvertreterinnen.&nbsp;<\/span><\/p>\n<p><span style=\"color: #333333;\">Zu den Lehrkr\u00e4ften geh\u00f6ren zu Beginn des Schuljahres 2025\/26 <strong>zehn<\/strong><\/span><span style=\"color: #333333;\"><strong>&nbsp;literarische Lehrkr\u00e4fte:&nbsp;<\/strong> Dipl. P\u00e4d. OSRin VD Michaela Maier, VL Dipl. P\u00e4d. Verena H\u00f6ningl, VL Katrin Engel, BEd., Prof. Sarah- Maria Pils, BEd., Prof. Kathrin Mairhofer, BEd., VL Anna Radinger, BEd., Prof. Romana Schroll, BEd. (derzeit in Karenz), Prof. Helena Plankl, BEd.,<\/span><span style=\"color: #333333;\"> Prof. Carina Schweiger, BEd., VL Jacqueline Spitzhofer,BEd., sowie die <strong>Religionslehrerin<\/strong>: Mag. Viera Steiner und die <strong>Sprachheilp\u00e4dagogin<\/strong> Ingrid-Wagner Karner.<br \/>\n<\/span><\/p>\n<p><a href=\"https:\/\/vsyspertal.ac.at\/wp-content\/uploads\/2025\/10\/k-Schulfotografie-VS-Yspertal-2025-G42.jpg\"><img loading=\"lazy\" decoding=\"async\" class=\"alignnone size-full wp-image-23572\" src=\"https:\/\/vsyspertal.ac.at\/wp-content\/uploads\/2025\/10\/k-Schulfotografie-VS-Yspertal-2025-G42.jpg\" alt=\"\" width=\"640\" height=\"426\" srcset=\"https:\/\/vsyspertal.ac.at\/wp-content\/uploads\/2025\/10\/k-Schulfotografie-VS-Yspertal-2025-G42.jpg 640w, https:\/\/vsyspertal.ac.at\/wp-content\/uploads\/2025\/10\/k-Schulfotografie-VS-Yspertal-2025-G42-300x200.jpg 300w\" sizes=\"auto, (max-width: 640px) 100vw, 640px\" \/><\/a><\/p>\n<p>&nbsp;<\/p>\n","protected":false},"excerpt":{"rendered":"<p>Unser Schulteam besteht aus den Lehrkr\u00e4ften, den&nbsp; Schulwartinnen, sowie den gew\u00e4hlten Elternvertreterinnen.&nbsp; Zu den Lehrkr\u00e4ften geh\u00f6ren zu Beginn des Schuljahres 2025\/26 zehn&nbsp;literarische Lehrkr\u00e4fte:&nbsp; Dipl. P\u00e4d. OSRin VD Michaela Maier, VL Dipl. P\u00e4d. Verena H\u00f6ningl, VL Katrin Engel, BEd., Prof. Sarah- Maria Pils, BEd., Prof. Kathrin Mairhofer, BEd., VL Anna Radinger, BEd., Prof. Romana Schroll, BEd. &hellip; <a href=\"https:\/\/vsyspertal.ac.at\/?page_id=4\" class=\"more-link\"><span class=\"screen-reader-text\">Schulteam<\/span> weiterlesen <span class=\"meta-nav\">&rarr;<\/span><\/a><\/p>\n","protected":false},"author":1,"featured_media":0,"parent":0,"menu_order":3,"comment_status":"closed","ping_status":"closed","template":"","meta":{"ngg_post_thumbnail":0,"footnotes":""},"class_list":["post-4","page","type-page","status-publish","hentry"],"_links":{"self":[{"href":"https:\/\/vsyspertal.ac.at\/index.php?rest_route=\/wp\/v2\/pages\/4","targetHints":{"allow":["GET"]}}],"collection":[{"href":"https:\/\/vsyspertal.ac.at\/index.php?rest_route=\/wp\/v2\/pages"}],"about":[{"href":"https:\/\/vsyspertal.ac.at\/index.php?rest_route=\/wp\/v2\/types\/page"}],"author":[{"embeddable":true,"href":"https:\/\/vsyspertal.ac.at\/index.php?rest_route=\/wp\/v2\/users\/1"}],"replies":[{"embeddable":true,"href":"https:\/\/vsyspertal.ac.at\/index.php?rest_route=%2Fwp%2Fv2%2Fcomments&post=4"}],"version-history":[{"count":18,"href":"https:\/\/vsyspertal.ac.at\/index.php?rest_route=\/wp\/v2\/pages\/4\/revisions"}],"predecessor-version":[{"id":23583,"href":"https:\/\/vsyspertal.ac.at\/index.php?rest_route=\/wp\/v2\/pages\/4\/revisions\/23583"}],"wp:attachment":[{"href":"https:\/\/vsyspertal.ac.at\/index.php?rest_route=%2Fwp%2Fv2%2Fmedia&parent=4"}],"curies":[{"name":"wp","href":"https:\/\/api.w.org\/{rel}","templated":true}]}}