{"id":8,"date":"2014-07-29T10:15:09","date_gmt":"2014-07-29T08:15:09","guid":{"rendered":"http:\/\/vsyspertal.ac.at\/?page_id=8"},"modified":"2025-10-17T11:06:26","modified_gmt":"2025-10-17T09:06:26","slug":"schulteam","status":"publish","type":"page","link":"https:\/\/vsyspertal.ac.at\/?page_id=8","title":{"rendered":"Lehrerinnenteam"},"content":{"rendered":"<p style=\"text-align: center;\"><strong>Dipl. P\u00e4d. OSRin VD Michaela Maier<\/strong><\/p>\n<p style=\"text-align: center;\"><a href=\"https:\/\/vsyspertal.ac.at\/wp-content\/uploads\/2025\/10\/k-Schulfotografie-VS-Yspertal-2025-L10.jpg\"><img loading=\"lazy\" decoding=\"async\" class=\"alignnone  wp-image-23582\" src=\"https:\/\/vsyspertal.ac.at\/wp-content\/uploads\/2025\/10\/k-Schulfotografie-VS-Yspertal-2025-L10.jpg\" alt=\"\" width=\"213\" height=\"320\" srcset=\"https:\/\/vsyspertal.ac.at\/wp-content\/uploads\/2025\/10\/k-Schulfotografie-VS-Yspertal-2025-L10.jpg 426w, https:\/\/vsyspertal.ac.at\/wp-content\/uploads\/2025\/10\/k-Schulfotografie-VS-Yspertal-2025-L10-200x300.jpg 200w\" sizes=\"auto, (max-width: 213px) 100vw, 213px\" \/><\/a><\/p>\n<p style=\"text-align: center;\">Schulleiterin<\/p>\n<hr>\n<p><strong>&nbsp; &nbsp;VL Anna Radinger, BEd.&nbsp; &nbsp; &nbsp; &nbsp; &nbsp; &nbsp; &nbsp; &nbsp; &nbsp; &nbsp; &nbsp; &nbsp; &nbsp; &nbsp; VL Jacqueline Spitzhofer, BEd.<\/strong><a href=\"https:\/\/vsyspertal.ac.at\/wp-content\/uploads\/2021\/11\/Anna.png\">&nbsp;&nbsp;&nbsp;&nbsp;&nbsp; <\/a><a href=\"https:\/\/vsyspertal.ac.at\/wp-content\/uploads\/2025\/10\/k-Schulfotografie-VS-Yspertal-2025-L1.jpg\"><img loading=\"lazy\" decoding=\"async\" class=\"alignnone  wp-image-23573\" src=\"https:\/\/vsyspertal.ac.at\/wp-content\/uploads\/2025\/10\/k-Schulfotografie-VS-Yspertal-2025-L1.jpg\" alt=\"\" width=\"194\" height=\"291\" srcset=\"https:\/\/vsyspertal.ac.at\/wp-content\/uploads\/2025\/10\/k-Schulfotografie-VS-Yspertal-2025-L1.jpg 426w, https:\/\/vsyspertal.ac.at\/wp-content\/uploads\/2025\/10\/k-Schulfotografie-VS-Yspertal-2025-L1-200x300.jpg 200w\" sizes=\"auto, (max-width: 194px) 100vw, 194px\" \/><\/a>&nbsp; &nbsp; &nbsp; &nbsp; &nbsp; &nbsp; &nbsp; &nbsp; &nbsp; &nbsp; &nbsp; &nbsp; &nbsp; &nbsp;<a href=\"https:\/\/vsyspertal.ac.at\/wp-content\/uploads\/2025\/10\/k-Schulfotografie-VS-Yspertal-2025-L2.jpg\"><img loading=\"lazy\" decoding=\"async\" class=\"alignnone  wp-image-23574\" src=\"https:\/\/vsyspertal.ac.at\/wp-content\/uploads\/2025\/10\/k-Schulfotografie-VS-Yspertal-2025-L2.jpg\" alt=\"\" width=\"192\" height=\"288\" srcset=\"https:\/\/vsyspertal.ac.at\/wp-content\/uploads\/2025\/10\/k-Schulfotografie-VS-Yspertal-2025-L2.jpg 426w, https:\/\/vsyspertal.ac.at\/wp-content\/uploads\/2025\/10\/k-Schulfotografie-VS-Yspertal-2025-L2-200x300.jpg 200w\" sizes=\"auto, (max-width: 192px) 100vw, 192px\" \/><\/a><\/p>\n<p>&nbsp;&nbsp;&nbsp;&nbsp;&nbsp;&nbsp;&nbsp;&nbsp;&nbsp;&nbsp;&nbsp;&nbsp;&nbsp;&nbsp;&nbsp;&nbsp;&nbsp;&nbsp;&nbsp;&nbsp;&nbsp;&nbsp;&nbsp;&nbsp;&nbsp;&nbsp;&nbsp;&nbsp;&nbsp;&nbsp;&nbsp;&nbsp;&nbsp;&nbsp;&nbsp;&nbsp;&nbsp;&nbsp;&nbsp;&nbsp;&nbsp;&nbsp;&nbsp;&nbsp;&nbsp;&nbsp;&nbsp; Klassenlehrerinnen der 4a- Klasse<\/p>\n<p>&#8230;&#8230;&#8230;&#8230;&#8230;&#8230;&#8230;&#8230;&#8230;&#8230;&#8230;&#8230;&#8230;&#8230;&#8230;&#8230;&#8230;&#8230;&#8230;&#8230;&#8230;&#8230;&#8230;&#8230;&#8230;&#8230;&#8230;&#8230;&#8230;&#8230;&#8230;&#8230;&#8230;&#8230;&#8230;&#8230;&#8230;&#8230;.<\/p>\n<p><strong><span style=\"color: #333333;\">&nbsp;&nbsp;&nbsp;&nbsp;&nbsp;&nbsp;&nbsp;&nbsp;&nbsp;&nbsp;&nbsp;&nbsp;&nbsp;&nbsp;&nbsp;&nbsp;&nbsp;&nbsp;&nbsp;&nbsp;&nbsp;&nbsp;&nbsp;&nbsp;&nbsp;&nbsp;&nbsp;&nbsp;&nbsp;&nbsp;&nbsp;&nbsp;&nbsp;&nbsp;&nbsp;&nbsp;&nbsp;&nbsp;&nbsp;&nbsp;&nbsp;&nbsp;&nbsp;&nbsp;&nbsp;&nbsp;&nbsp;&nbsp;&nbsp;&nbsp;&nbsp;&nbsp;&nbsp;&nbsp;&nbsp;&nbsp;&nbsp;&nbsp;&nbsp;&nbsp;&nbsp;&nbsp;&nbsp;&nbsp; Prof. Sarah-Maria Pils, BEd.<\/span><\/strong><\/p>\n<p>&nbsp; &nbsp; &nbsp; &nbsp; &nbsp; &nbsp; &nbsp; &nbsp; &nbsp; &nbsp; &nbsp; &nbsp; &nbsp; &nbsp; &nbsp; &nbsp; &nbsp; &nbsp; &nbsp; &nbsp; &nbsp; &nbsp; &nbsp; &nbsp; &nbsp; &nbsp; &nbsp; &nbsp; &nbsp; &nbsp; &nbsp; &nbsp; <a href=\"https:\/\/vsyspertal.ac.at\/wp-content\/uploads\/2025\/10\/k-Schulfotografie-VS-Yspertal-2025-L4.jpg\"><img loading=\"lazy\" decoding=\"async\" class=\"alignnone  wp-image-23576\" src=\"https:\/\/vsyspertal.ac.at\/wp-content\/uploads\/2025\/10\/k-Schulfotografie-VS-Yspertal-2025-L4.jpg\" alt=\"\" width=\"190\" height=\"285\" srcset=\"https:\/\/vsyspertal.ac.at\/wp-content\/uploads\/2025\/10\/k-Schulfotografie-VS-Yspertal-2025-L4.jpg 426w, https:\/\/vsyspertal.ac.at\/wp-content\/uploads\/2025\/10\/k-Schulfotografie-VS-Yspertal-2025-L4-200x300.jpg 200w\" sizes=\"auto, (max-width: 190px) 100vw, 190px\" \/><\/a><\/p>\n<p>&nbsp;&nbsp;&nbsp;&nbsp;&nbsp;&nbsp;&nbsp;&nbsp;&nbsp;&nbsp;&nbsp;&nbsp;&nbsp;&nbsp;&nbsp;&nbsp;&nbsp;&nbsp;&nbsp;&nbsp;&nbsp;&nbsp;&nbsp;&nbsp;&nbsp;&nbsp;&nbsp;&nbsp;&nbsp;&nbsp;&nbsp;&nbsp;&nbsp;&nbsp;&nbsp;&nbsp;&nbsp;&nbsp;&nbsp;&nbsp;&nbsp;&nbsp;&nbsp;&nbsp;&nbsp;&nbsp;&nbsp;&nbsp;&nbsp;&nbsp;&nbsp;&nbsp;&nbsp;&nbsp;&nbsp;&nbsp;&nbsp;&nbsp;&nbsp;&nbsp;&nbsp;&nbsp; Klassenlehrerin der 2a-Klasse<\/p>\n<p>&#8230;&#8230;&#8230;&#8230;&#8230;&#8230;&#8230;&#8230;&#8230;&#8230;&#8230;&#8230;&#8230;&#8230;&#8230;&#8230;&#8230;&#8230;&#8230;&#8230;&#8230;&#8230;&#8230;&#8230;&#8230;&#8230;&#8230;&#8230;&#8230;&#8230;&#8230;&#8230;<\/p>\n<p><strong>&nbsp;Prof.&nbsp; Kathrin Mairhofer, BEd.&nbsp; &nbsp; &nbsp; &nbsp; &nbsp; &nbsp; &nbsp; &nbsp; &nbsp;Prof. Carina Schweiger, BEd.<\/strong><\/p>\n<p><strong><a href=\"https:\/\/vsyspertal.ac.at\/wp-content\/uploads\/2025\/10\/k-Schulfotografie-VS-Yspertal-2025-L7.jpg\"><img loading=\"lazy\" decoding=\"async\" class=\"alignnone  wp-image-23579\" src=\"https:\/\/vsyspertal.ac.at\/wp-content\/uploads\/2025\/10\/k-Schulfotografie-VS-Yspertal-2025-L7.jpg\" alt=\"\" width=\"194\" height=\"291\" srcset=\"https:\/\/vsyspertal.ac.at\/wp-content\/uploads\/2025\/10\/k-Schulfotografie-VS-Yspertal-2025-L7.jpg 426w, https:\/\/vsyspertal.ac.at\/wp-content\/uploads\/2025\/10\/k-Schulfotografie-VS-Yspertal-2025-L7-200x300.jpg 200w\" sizes=\"auto, (max-width: 194px) 100vw, 194px\" \/><\/a>&nbsp; &nbsp; &nbsp; &nbsp; &nbsp; &nbsp; &nbsp; &nbsp; &nbsp; &nbsp; &nbsp; &nbsp;<a href=\"https:\/\/vsyspertal.ac.at\/wp-content\/uploads\/2023\/10\/VS-Yspertal-2023-02-scaled.jpg\"><img loading=\"lazy\" decoding=\"async\" class=\"alignnone  wp-image-21625\" src=\"https:\/\/vsyspertal.ac.at\/wp-content\/uploads\/2023\/10\/VS-Yspertal-2023-02-683x1024.jpg\" alt=\"\" width=\"193\" height=\"290\" srcset=\"https:\/\/vsyspertal.ac.at\/wp-content\/uploads\/2023\/10\/VS-Yspertal-2023-02-683x1024.jpg 683w, https:\/\/vsyspertal.ac.at\/wp-content\/uploads\/2023\/10\/VS-Yspertal-2023-02-200x300.jpg 200w, https:\/\/vsyspertal.ac.at\/wp-content\/uploads\/2023\/10\/VS-Yspertal-2023-02-768x1152.jpg 768w, https:\/\/vsyspertal.ac.at\/wp-content\/uploads\/2023\/10\/VS-Yspertal-2023-02-1024x1536.jpg 1024w, https:\/\/vsyspertal.ac.at\/wp-content\/uploads\/2023\/10\/VS-Yspertal-2023-02-1365x2048.jpg 1365w, https:\/\/vsyspertal.ac.at\/wp-content\/uploads\/2023\/10\/VS-Yspertal-2023-02-scaled.jpg 1707w\" sizes=\"auto, (max-width: 193px) 100vw, 193px\" \/><\/a>&nbsp; &nbsp; &nbsp; &nbsp; &nbsp; &nbsp; &nbsp; &nbsp; &nbsp; &nbsp; &nbsp; &nbsp; &nbsp; &nbsp; &nbsp; &nbsp; &nbsp; &nbsp; &nbsp; &nbsp; &nbsp;&nbsp; &nbsp;&nbsp;&nbsp;&nbsp;&nbsp;&nbsp;&nbsp;&nbsp;&nbsp; <\/strong><\/p>\n<p>&nbsp;&nbsp;&nbsp;&nbsp;&nbsp;&nbsp;&nbsp;&nbsp;&nbsp;&nbsp;&nbsp;&nbsp;&nbsp;&nbsp;&nbsp;&nbsp;&nbsp;&nbsp;&nbsp;&nbsp;&nbsp;&nbsp;&nbsp;&nbsp;&nbsp;&nbsp;&nbsp;&nbsp;&nbsp;&nbsp;&nbsp;&nbsp;&nbsp;&nbsp;&nbsp;&nbsp;&nbsp;&nbsp;&nbsp;&nbsp;&nbsp;&nbsp;&nbsp;&nbsp;&nbsp;&nbsp;&nbsp;&nbsp;&nbsp;&nbsp;&nbsp;&nbsp;&nbsp;&nbsp;&nbsp;&nbsp;&nbsp; Klassenlehrerinnen der 2b &#8211; Klasse<\/p>\n<hr>\n<p><strong>&nbsp; &nbsp; &nbsp; &nbsp; &nbsp; &nbsp; &nbsp; &nbsp; &nbsp; &nbsp; &nbsp; &nbsp; &nbsp; &nbsp; &nbsp; &nbsp; &nbsp; &nbsp; &nbsp; &nbsp; &nbsp; &nbsp; &nbsp; &nbsp; &nbsp; &nbsp; &nbsp; &nbsp; &nbsp; &nbsp; &nbsp; &nbsp; &nbsp; &nbsp; &nbsp; &nbsp; &nbsp;VL Katrin Engel, BEd.<\/strong><\/p>\n<p style=\"text-align: center;\"><a href=\"https:\/\/vsyspertal.ac.at\/wp-content\/uploads\/2025\/10\/k-Schulfotografie-VS-Yspertal-2025-L3.jpg\"><img loading=\"lazy\" decoding=\"async\" class=\"alignnone  wp-image-23575\" src=\"https:\/\/vsyspertal.ac.at\/wp-content\/uploads\/2025\/10\/k-Schulfotografie-VS-Yspertal-2025-L3.jpg\" alt=\"\" width=\"196\" height=\"295\" srcset=\"https:\/\/vsyspertal.ac.at\/wp-content\/uploads\/2025\/10\/k-Schulfotografie-VS-Yspertal-2025-L3.jpg 426w, https:\/\/vsyspertal.ac.at\/wp-content\/uploads\/2025\/10\/k-Schulfotografie-VS-Yspertal-2025-L3-200x300.jpg 200w\" sizes=\"auto, (max-width: 196px) 100vw, 196px\" \/><\/a><\/p>\n<p style=\"text-align: right;\"><span style=\"color: #333333;\">&nbsp; &nbsp; &nbsp; &nbsp; &nbsp; &nbsp; &nbsp; &nbsp;Klassenlehrerin der 4b &#8211; Klasse<\/span>&nbsp;&nbsp;&nbsp;&nbsp;&nbsp;&nbsp;&nbsp;&nbsp;&nbsp;&nbsp;&nbsp;&nbsp;&nbsp;&nbsp;&nbsp;&nbsp;&nbsp;&nbsp;&nbsp;&nbsp;&nbsp;&nbsp;&nbsp;&nbsp;&nbsp;&nbsp;&nbsp;&nbsp;&nbsp;&nbsp;&nbsp;&nbsp;&nbsp;&nbsp;&nbsp;&nbsp;&nbsp;&nbsp;&nbsp;&nbsp;&nbsp;&nbsp;&nbsp;&nbsp;&nbsp;&nbsp;&nbsp;&nbsp;&nbsp;<\/p>\n<hr>\n<p><strong>&nbsp; &nbsp; &nbsp; &nbsp; &nbsp; &nbsp; &nbsp; &nbsp; &nbsp; &nbsp; &nbsp; &nbsp; &nbsp; &nbsp; &nbsp; &nbsp; &nbsp; &nbsp; &nbsp; &nbsp; &nbsp; &nbsp; &nbsp; &nbsp; &nbsp; &nbsp; &nbsp; &nbsp; &nbsp; &nbsp; &nbsp; &nbsp; &nbsp; &nbsp; &nbsp; Prof. Helena Plankl, BEd.<br><\/strong><\/p>\n<p>&nbsp; &nbsp; &nbsp; &nbsp; &nbsp; &nbsp; &nbsp; &nbsp; &nbsp; &nbsp; &nbsp; &nbsp; &nbsp; &nbsp; &nbsp; &nbsp; &nbsp; &nbsp; &nbsp; &nbsp; &nbsp; &nbsp; &nbsp; &nbsp; &nbsp; &nbsp; &nbsp; &nbsp; &nbsp; &nbsp; &nbsp; &nbsp; <a href=\"https:\/\/vsyspertal.ac.at\/wp-content\/uploads\/2025\/10\/k-Schulfotografie-VS-Yspertal-2025-L6.jpg\"><img loading=\"lazy\" decoding=\"async\" class=\"alignnone  wp-image-23578\" src=\"https:\/\/vsyspertal.ac.at\/wp-content\/uploads\/2025\/10\/k-Schulfotografie-VS-Yspertal-2025-L6.jpg\" alt=\"\" width=\"211\" height=\"317\" srcset=\"https:\/\/vsyspertal.ac.at\/wp-content\/uploads\/2025\/10\/k-Schulfotografie-VS-Yspertal-2025-L6.jpg 426w, https:\/\/vsyspertal.ac.at\/wp-content\/uploads\/2025\/10\/k-Schulfotografie-VS-Yspertal-2025-L6-200x300.jpg 200w\" sizes=\"auto, (max-width: 211px) 100vw, 211px\" \/><\/a><\/p>\n<p>&nbsp;&nbsp;&nbsp;&nbsp;&nbsp;&nbsp;&nbsp;&nbsp;&nbsp;&nbsp;&nbsp;&nbsp;&nbsp;&nbsp;&nbsp;&nbsp;&nbsp;&nbsp;&nbsp;&nbsp;&nbsp;&nbsp;&nbsp;&nbsp;&nbsp;&nbsp;&nbsp;&nbsp;&nbsp;&nbsp;&nbsp;&nbsp;&nbsp;&nbsp;&nbsp;&nbsp;&nbsp;&nbsp;&nbsp;&nbsp;&nbsp;&nbsp;&nbsp;&nbsp;&nbsp;&nbsp;&nbsp;&nbsp;&nbsp;&nbsp;&nbsp;&nbsp;&nbsp;&nbsp;&nbsp;&nbsp;&nbsp;&nbsp;&nbsp;&nbsp;&nbsp;&nbsp;&nbsp;&nbsp;&nbsp;&nbsp;&nbsp;&nbsp; Klassenlehrerin der 1. Klasse<strong>&nbsp; &nbsp; &nbsp; &nbsp; &nbsp; &nbsp; &nbsp; &nbsp; &nbsp; &nbsp; &nbsp; &nbsp; &nbsp; &nbsp; &nbsp; &nbsp; <br><\/strong><\/p>\n<hr>\n<p>&nbsp;&nbsp;&nbsp;&nbsp;&nbsp;&nbsp;&nbsp;&nbsp;&nbsp;&nbsp;&nbsp;&nbsp;&nbsp;&nbsp;&nbsp;&nbsp;&nbsp;&nbsp;&nbsp;&nbsp;&nbsp;&nbsp;&nbsp;&nbsp;&nbsp;&nbsp;&nbsp;&nbsp;&nbsp;&nbsp;&nbsp;&nbsp;&nbsp;&nbsp;&nbsp;&nbsp;&nbsp;&nbsp;&nbsp;&nbsp;&nbsp;&nbsp;&nbsp;&nbsp;&nbsp;&nbsp;&nbsp;&nbsp;&nbsp;&nbsp;&nbsp;&nbsp;&nbsp;&nbsp;&nbsp;&nbsp;&nbsp;&nbsp;&nbsp;&nbsp;&nbsp;&nbsp;&nbsp;&nbsp;&nbsp;&nbsp;&nbsp; <strong>VL Dipl. P\u00e4d. Verena H\u00f6ningl<\/strong><\/p>\n<p>&nbsp;&nbsp;&nbsp;&nbsp;&nbsp;&nbsp;&nbsp;&nbsp;&nbsp;&nbsp;&nbsp;&nbsp;&nbsp;&nbsp;&nbsp;&nbsp;&nbsp;&nbsp;&nbsp;&nbsp;&nbsp;&nbsp;&nbsp;&nbsp;&nbsp;&nbsp;&nbsp;&nbsp;&nbsp;&nbsp;&nbsp;&nbsp;&nbsp;&nbsp;&nbsp;&nbsp;&nbsp;&nbsp;&nbsp;&nbsp;&nbsp;&nbsp;&nbsp;&nbsp;&nbsp;&nbsp;&nbsp;&nbsp;&nbsp;&nbsp;&nbsp;&nbsp;&nbsp;&nbsp;&nbsp;&nbsp;&nbsp;&nbsp;&nbsp;&nbsp;&nbsp;&nbsp;&nbsp;&nbsp;&nbsp;&nbsp;&nbsp;&nbsp; <a href=\"https:\/\/vsyspertal.ac.at\/wp-content\/uploads\/2025\/10\/k-Schulfotografie-VS-Yspertal-2025-L8.jpg\"><img loading=\"lazy\" decoding=\"async\" class=\"alignnone  wp-image-23580\" src=\"https:\/\/vsyspertal.ac.at\/wp-content\/uploads\/2025\/10\/k-Schulfotografie-VS-Yspertal-2025-L8.jpg\" alt=\"\" width=\"203\" height=\"305\" srcset=\"https:\/\/vsyspertal.ac.at\/wp-content\/uploads\/2025\/10\/k-Schulfotografie-VS-Yspertal-2025-L8.jpg 426w, https:\/\/vsyspertal.ac.at\/wp-content\/uploads\/2025\/10\/k-Schulfotografie-VS-Yspertal-2025-L8-200x300.jpg 200w\" sizes=\"auto, (max-width: 203px) 100vw, 203px\" \/><\/a><\/p>\n<p>&nbsp; &nbsp; &nbsp; &nbsp; &nbsp; &nbsp; &nbsp; &nbsp; &nbsp; &nbsp; &nbsp; &nbsp; &nbsp; &nbsp; &nbsp; &nbsp; &nbsp; &nbsp; &nbsp; &nbsp; &nbsp; &nbsp; &nbsp; &nbsp; &nbsp; &nbsp; &nbsp; &nbsp; &nbsp; &nbsp; &nbsp; &nbsp; &nbsp; &nbsp; &nbsp; &nbsp;Klassenlehrerin der 3. Klasse<\/p>\n<p>&#8230;&#8230;&#8230;&#8230;&#8230;&#8230;&#8230;&#8230;&#8230;&#8230;&#8230;&#8230;&#8230;&#8230;&#8230;&#8230;&#8230;&#8230;&#8230;&#8230;&#8230;&#8230;&#8230;&#8230;&#8230;&#8230;&#8230;&#8230;&#8230;&#8230;&#8230;&#8230;&#8230;.<\/p>\n<p style=\"text-align: center;\"><strong>REL Mag. Viera Steiner<br><\/strong><\/p>\n<p style=\"text-align: center;\">&nbsp; &nbsp; &nbsp;Lehrerin f\u00fcr Religion 1.-4. Klasse<\/p>\n<p>&nbsp;&nbsp;&nbsp;&nbsp;&nbsp;&nbsp;&nbsp;&nbsp;&nbsp;&nbsp;&nbsp;&nbsp;&nbsp;&nbsp;&nbsp;&nbsp;&nbsp;&nbsp;&nbsp;&nbsp;&nbsp;&nbsp;&nbsp;&nbsp;&nbsp;&nbsp;&nbsp;&nbsp;&nbsp;&nbsp;&nbsp;&nbsp;&nbsp;&nbsp;&nbsp;&nbsp;&nbsp;&nbsp;&nbsp;&nbsp;&nbsp;&nbsp;&nbsp;&nbsp;&nbsp;&nbsp;&nbsp;&nbsp;&nbsp;&nbsp;&nbsp;&nbsp;&nbsp;&nbsp;&nbsp;&nbsp;&nbsp;&nbsp;&nbsp;&nbsp;&nbsp;&nbsp;&nbsp;&nbsp;&nbsp;&nbsp;&nbsp;&nbsp;&nbsp;&nbsp;&nbsp;&nbsp;&nbsp;&nbsp;&nbsp; <a href=\"https:\/\/vsyspertal.ac.at\/wp-content\/uploads\/2024\/11\/k-VS-Pisching-2024-L4-1.jpg\"><img loading=\"lazy\" decoding=\"async\" class=\"alignnone  wp-image-22575\" src=\"https:\/\/vsyspertal.ac.at\/wp-content\/uploads\/2024\/11\/k-VS-Pisching-2024-L4-1.jpg\" alt=\"\" width=\"201\" height=\"302\" srcset=\"https:\/\/vsyspertal.ac.at\/wp-content\/uploads\/2024\/11\/k-VS-Pisching-2024-L4-1.jpg 426w, https:\/\/vsyspertal.ac.at\/wp-content\/uploads\/2024\/11\/k-VS-Pisching-2024-L4-1-200x300.jpg 200w\" sizes=\"auto, (max-width: 201px) 100vw, 201px\" \/>Le<\/a><\/p>\n<p>&nbsp;&nbsp;&nbsp;&nbsp;&nbsp;&nbsp;&nbsp;&nbsp;&nbsp;&nbsp;&nbsp;&nbsp;&nbsp;&nbsp;&nbsp;&nbsp;&nbsp;&nbsp;&nbsp;&nbsp;&nbsp;&nbsp;&nbsp;&nbsp;&nbsp;&nbsp;&nbsp;&nbsp;&nbsp;&nbsp;&nbsp;&nbsp;&nbsp;&nbsp;&nbsp;&nbsp;&nbsp;&nbsp;&nbsp;&nbsp;&nbsp;&nbsp;&nbsp;&nbsp;&nbsp;&nbsp;&nbsp;&nbsp;&nbsp;&nbsp;&nbsp;&nbsp;&nbsp;&nbsp;&nbsp;&nbsp; Sprechstunde: bitte telefonisch vereinbaren<\/p>\n<p>&#8230;&#8230;&#8230;&#8230;&#8230;&#8230;&#8230;&#8230;&#8230;&#8230;&#8230;&#8230;&#8230;&#8230;&#8230;&#8230;&#8230;&#8230;&#8230;&#8230;&#8230;&#8230;&#8230;&#8230;&#8230;&#8230;&#8230;&#8230;&#8230;&#8230;&#8230;&#8230;&#8230;&#8230;&#8230;&#8230;&#8230;..<\/p>\n<p>&nbsp;&nbsp;&nbsp;&nbsp;&nbsp;&nbsp;&nbsp;&nbsp;&nbsp;&nbsp;&nbsp;&nbsp;&nbsp;&nbsp;&nbsp;&nbsp;&nbsp;&nbsp;&nbsp;&nbsp;&nbsp;&nbsp;&nbsp;&nbsp;&nbsp;&nbsp;&nbsp;&nbsp;&nbsp;&nbsp;&nbsp;&nbsp;&nbsp;&nbsp;&nbsp;&nbsp;&nbsp;&nbsp;&nbsp;&nbsp;&nbsp;&nbsp;&nbsp;&nbsp;&nbsp;&nbsp;&nbsp;&nbsp;&nbsp;&nbsp;&nbsp;&nbsp;&nbsp;&nbsp;&nbsp;&nbsp;&nbsp; <strong>Lehrkraft f\u00fcr den Sprachheilunterricht<\/strong><\/p>\n<p>&nbsp;&nbsp;&nbsp;&nbsp;&nbsp;&nbsp;&nbsp;&nbsp;&nbsp;&nbsp;&nbsp;&nbsp;&nbsp;&nbsp;&nbsp;&nbsp;&nbsp;&nbsp;&nbsp;&nbsp;&nbsp;&nbsp;&nbsp;&nbsp;&nbsp;&nbsp;&nbsp;&nbsp;&nbsp;&nbsp;&nbsp;&nbsp;&nbsp;&nbsp;&nbsp;&nbsp;&nbsp;&nbsp;&nbsp;&nbsp;&nbsp;&nbsp;&nbsp;&nbsp;&nbsp;&nbsp;&nbsp;&nbsp;&nbsp;&nbsp;&nbsp;&nbsp;&nbsp;&nbsp;&nbsp;&nbsp;&nbsp;&nbsp;&nbsp;&nbsp;&nbsp;&nbsp;&nbsp;&nbsp;&nbsp;&nbsp;&nbsp;&nbsp;&nbsp;&nbsp;&nbsp;&nbsp; Ingrid Wagner &#8211; Karner<\/p>\n<p>&nbsp;&nbsp;&nbsp;&nbsp;&nbsp;&nbsp;&nbsp;&nbsp;&nbsp;&nbsp;&nbsp;&nbsp;&nbsp;&nbsp;&nbsp;&nbsp;&nbsp;&nbsp;&nbsp;&nbsp;&nbsp;&nbsp;&nbsp;&nbsp;&nbsp;&nbsp;&nbsp;&nbsp;&nbsp;&nbsp;&nbsp;&nbsp;&nbsp;&nbsp;&nbsp;&nbsp;&nbsp;&nbsp;&nbsp;&nbsp;&nbsp;&nbsp;&nbsp;&nbsp;&nbsp;&nbsp;&nbsp;&nbsp;&nbsp;&nbsp;&nbsp;&nbsp;&nbsp;&nbsp;&nbsp;&nbsp;&nbsp;&nbsp;&nbsp;&nbsp;&nbsp;&nbsp;&nbsp;&nbsp;&nbsp; <a href=\"https:\/\/vsyspertal.ac.at\/wp-content\/uploads\/2024\/11\/k-VS-Pisching-2024-L1-1.jpg\"><img loading=\"lazy\" decoding=\"async\" class=\"alignnone  wp-image-22572\" src=\"https:\/\/vsyspertal.ac.at\/wp-content\/uploads\/2024\/11\/k-VS-Pisching-2024-L1-1.jpg\" alt=\"\" width=\"203\" height=\"305\" srcset=\"https:\/\/vsyspertal.ac.at\/wp-content\/uploads\/2024\/11\/k-VS-Pisching-2024-L1-1.jpg 426w, https:\/\/vsyspertal.ac.at\/wp-content\/uploads\/2024\/11\/k-VS-Pisching-2024-L1-1-200x300.jpg 200w\" sizes=\"auto, (max-width: 203px) 100vw, 203px\" \/><\/a><\/p>\n<hr>\n<p><strong><span style=\"text-decoration: underline;\">Beratungslehrkraft:<\/span><\/strong><\/p>\n<p>Ausgebildete Beratungslehrkr\u00e4fte unterst\u00fctzen Sie in schulischen und pers\u00f6nlichen Problemsituationen. Die Beratung erfolgt au\u00dferhalb der Unterrichtszeiten in einer vertraulichen Atmosph\u00e4re.<\/p>\n<p>Terminvereinbarung erfolgt \u00fcber die Schule<\/p>\n<p>&nbsp;<\/p>\n<p>&nbsp;<\/p>\n<p>&nbsp;<\/p>\n<p>&nbsp;<\/p>\n<p>&nbsp;<\/p>\n<p>&nbsp;<\/p>\n<p>&nbsp;<\/p>\n\n\n\n\n\n\n\n\n<p><\/p>\n\n\n\n\n\n\n\n\n\n\n","protected":false},"excerpt":{"rendered":"<p>Dipl. P\u00e4d. OSRin VD Michaela Maier Schulleiterin &nbsp; &nbsp;VL Anna Radinger, BEd.&nbsp; &nbsp; &nbsp; &nbsp; &nbsp; &nbsp; &nbsp; &nbsp; &nbsp; &nbsp; &nbsp; &nbsp; &nbsp; &nbsp; VL Jacqueline Spitzhofer, BEd.&nbsp;&nbsp;&nbsp;&nbsp;&nbsp; &nbsp; &nbsp; &nbsp; &nbsp; &nbsp; &nbsp; &nbsp; &nbsp; &nbsp; &nbsp; &nbsp; &nbsp; &nbsp; &nbsp; &nbsp;&nbsp;&nbsp;&nbsp;&nbsp;&nbsp;&nbsp;&nbsp;&nbsp;&nbsp;&nbsp;&nbsp;&nbsp;&nbsp;&nbsp;&nbsp;&nbsp;&nbsp;&nbsp;&nbsp;&nbsp;&nbsp;&nbsp;&nbsp;&nbsp;&nbsp;&nbsp;&nbsp;&nbsp;&nbsp;&nbsp;&nbsp;&nbsp;&nbsp;&nbsp;&nbsp;&nbsp;&nbsp;&nbsp;&nbsp;&nbsp;&nbsp;&nbsp;&nbsp;&nbsp;&nbsp;&nbsp; Klassenlehrerinnen der 4a- Klasse &#8230;&#8230;&#8230;&#8230;&#8230;&#8230;&#8230;&#8230;&#8230;&#8230;&#8230;&#8230;&#8230;&#8230;&#8230;&#8230;&#8230;&#8230;&#8230;&#8230;&#8230;&#8230;&#8230;&#8230;&#8230;&#8230;&#8230;&#8230;&#8230;&#8230;&#8230;&#8230;&#8230;&#8230;&#8230;&#8230;&#8230;&#8230;. &nbsp;&nbsp;&nbsp;&nbsp;&nbsp;&nbsp;&nbsp;&nbsp;&nbsp;&nbsp;&nbsp;&nbsp;&nbsp;&nbsp;&nbsp;&nbsp;&nbsp;&nbsp;&nbsp;&nbsp;&nbsp;&nbsp;&nbsp;&nbsp;&nbsp;&nbsp;&nbsp;&nbsp;&nbsp;&nbsp;&nbsp;&nbsp;&nbsp;&nbsp;&nbsp;&nbsp;&nbsp;&nbsp;&nbsp;&nbsp;&nbsp;&nbsp;&nbsp;&nbsp;&nbsp;&nbsp;&nbsp;&nbsp;&nbsp;&nbsp;&nbsp;&nbsp;&nbsp;&nbsp;&nbsp;&nbsp;&nbsp;&nbsp;&nbsp;&nbsp;&nbsp;&nbsp;&nbsp;&nbsp; Prof. Sarah-Maria Pils, BEd. &nbsp; &hellip; <a href=\"https:\/\/vsyspertal.ac.at\/?page_id=8\" class=\"more-link\"><span class=\"screen-reader-text\">Lehrerinnenteam<\/span> weiterlesen <span class=\"meta-nav\">&rarr;<\/span><\/a><\/p>\n","protected":false},"author":1,"featured_media":0,"parent":4,"menu_order":2,"comment_status":"closed","ping_status":"closed","template":"","meta":{"ngg_post_thumbnail":0,"footnotes":""},"class_list":["post-8","page","type-page","status-publish","hentry"],"_links":{"self":[{"href":"https:\/\/vsyspertal.ac.at\/index.php?rest_route=\/wp\/v2\/pages\/8","targetHints":{"allow":["GET"]}}],"collection":[{"href":"https:\/\/vsyspertal.ac.at\/index.php?rest_route=\/wp\/v2\/pages"}],"about":[{"href":"https:\/\/vsyspertal.ac.at\/index.php?rest_route=\/wp\/v2\/types\/page"}],"author":[{"embeddable":true,"href":"https:\/\/vsyspertal.ac.at\/index.php?rest_route=\/wp\/v2\/users\/1"}],"replies":[{"embeddable":true,"href":"https:\/\/vsyspertal.ac.at\/index.php?rest_route=%2Fwp%2Fv2%2Fcomments&post=8"}],"version-history":[{"count":125,"href":"https:\/\/vsyspertal.ac.at\/index.php?rest_route=\/wp\/v2\/pages\/8\/revisions"}],"predecessor-version":[{"id":23594,"href":"https:\/\/vsyspertal.ac.at\/index.php?rest_route=\/wp\/v2\/pages\/8\/revisions\/23594"}],"up":[{"embeddable":true,"href":"https:\/\/vsyspertal.ac.at\/index.php?rest_route=\/wp\/v2\/pages\/4"}],"wp:attachment":[{"href":"https:\/\/vsyspertal.ac.at\/index.php?rest_route=%2Fwp%2Fv2%2Fmedia&parent=8"}],"curies":[{"name":"wp","href":"https:\/\/api.w.org\/{rel}","templated":true}]}}